{"id":1304,"date":"2022-03-23T19:01:54","date_gmt":"2022-03-23T19:01:54","guid":{"rendered":"https:\/\/callpicker.com\/conmutadores\/?page_id=1304"},"modified":"2022-04-01T13:59:06","modified_gmt":"2022-04-01T13:59:06","slug":"spotify","status":"publish","type":"page","link":"https:\/\/callpicker.com\/conmutadores\/spotify\/","title":{"rendered":"Contactspot"},"content":{"rendered":"\t\t<div data-elementor-type=\"wp-page\" data-elementor-id=\"1304\" class=\"elementor elementor-1304\" data-elementor-post-type=\"page\">\n\t\t\t\t\t\t<section class=\"elementor-section elementor-top-section elementor-element elementor-element-fd9b657 elementor-section-boxed elementor-section-height-default elementor-section-height-default\" data-id=\"fd9b657\" data-element_type=\"section\" data-e-type=\"section\" data-settings=\"{&quot;background_background&quot;:&quot;classic&quot;}\">\n\t\t\t\t\t\t<div class=\"elementor-container elementor-column-gap-default\">\n\t\t\t\t\t<div class=\"elementor-column elementor-col-100 elementor-top-column elementor-element elementor-element-d03cf75\" data-id=\"d03cf75\" data-element_type=\"column\" data-e-type=\"column\">\n\t\t\t<div class=\"elementor-widget-wrap elementor-element-populated\">\n\t\t\t\t\t\t<div class=\"elementor-element elementor-element-8a0ddf1 elementor-widget elementor-widget-image\" data-id=\"8a0ddf1\" data-element_type=\"widget\" data-e-type=\"widget\" data-widget_type=\"image.default\">\n\t\t\t\t<div class=\"elementor-widget-container\">\n\t\t\t\t\t\t\t\t\t\t\t\t\t\t\t<img fetchpriority=\"high\" decoding=\"async\" width=\"1024\" height=\"259\" src=\"https:\/\/callpicker.com\/conmutadores\/wp-content\/uploads\/2021\/04\/LogoCPAzul-01-01-1024x259.png\" class=\"attachment-large size-large wp-image-49\" alt=\"\" srcset=\"https:\/\/callpicker.com\/conmutadores\/wp-content\/uploads\/2021\/04\/LogoCPAzul-01-01-1024x259.png 1024w, https:\/\/callpicker.com\/conmutadores\/wp-content\/uploads\/2021\/04\/LogoCPAzul-01-01-300x76.png 300w, https:\/\/callpicker.com\/conmutadores\/wp-content\/uploads\/2021\/04\/LogoCPAzul-01-01-768x194.png 768w, https:\/\/callpicker.com\/conmutadores\/wp-content\/uploads\/2021\/04\/LogoCPAzul-01-01.png 1256w\" sizes=\"(max-width: 1024px) 100vw, 1024px\" \/>\t\t\t\t\t\t\t\t\t\t\t\t\t\t\t<\/div>\n\t\t\t\t<\/div>\n\t\t\t\t<div class=\"elementor-element elementor-element-10809e5 elementor-widget elementor-widget-heading\" data-id=\"10809e5\" data-element_type=\"widget\" data-e-type=\"widget\" data-widget_type=\"heading.default\">\n\t\t\t\t<div class=\"elementor-widget-container\">\n\t\t\t\t\t<h2 class=\"elementor-heading-title elementor-size-default\">\u00a1Hola! Muchas gracias por darle click a nuestro anuncio, llenar la siguiente informaci\u00f3n nos ayudar\u00e1 para que uno de nuestros Asesores Especializados se pueda poner en contacto contigo para resolver todas las dudas que puedas llegar a tener y darte una Asesor\u00eda Tecnol\u00f3gica de acuerdo a tus necesidades. \u00a1Platicamos pronto!<\/h2>\t\t\t\t<\/div>\n\t\t\t\t<\/div>\n\t\t\t\t<div class=\"elementor-element elementor-element-8d397a8 elementor-widget elementor-widget-heading\" data-id=\"8d397a8\" data-element_type=\"widget\" data-e-type=\"widget\" data-widget_type=\"heading.default\">\n\t\t\t\t<div class=\"elementor-widget-container\">\n\t\t\t\t\t<h2 class=\"elementor-heading-title elementor-size-default\">Contacto<\/h2>\t\t\t\t<\/div>\n\t\t\t\t<\/div>\n\t\t\t\t<div class=\"elementor-element elementor-element-f4de7b0 elementor-button-align-start elementor-widget elementor-widget-form\" data-id=\"f4de7b0\" data-element_type=\"widget\" data-e-type=\"widget\" data-settings=\"{&quot;button_width&quot;:&quot;50&quot;,&quot;step_next_label&quot;:&quot;Next&quot;,&quot;step_previous_label&quot;:&quot;Previous&quot;,&quot;step_type&quot;:&quot;number_text&quot;,&quot;step_icon_shape&quot;:&quot;circle&quot;}\" data-widget_type=\"form.default\">\n\t\t\t\t<div class=\"elementor-widget-container\">\n\t\t\t\t\t\t\t<form class=\"elementor-form\" method=\"post\" name=\"Contacto\" aria-label=\"Contacto\">\n\t\t\t<input type=\"hidden\" name=\"post_id\" value=\"1304\"\/>\n\t\t\t<input type=\"hidden\" name=\"form_id\" value=\"f4de7b0\"\/>\n\t\t\t<input type=\"hidden\" name=\"referer_title\" value=\"Contactspot\" \/>\n\n\t\t\t\t\t\t\t<input type=\"hidden\" name=\"queried_id\" value=\"1304\"\/>\n\t\t\t\n\t\t\t<div class=\"elementor-form-fields-wrapper elementor-labels-above\">\n\t\t\t\t\t\t\t\t<div class=\"elementor-field-type-text elementor-field-group elementor-column elementor-field-group-nombre elementor-col-100\">\n\t\t\t\t\t\t\t\t\t\t\t\t\t<input size=\"1\" type=\"text\" name=\"form_fields[nombre]\" id=\"form-field-nombre\" class=\"elementor-field elementor-size-xs  elementor-field-textual\" placeholder=\"\u00bfCu\u00e1l es tu nombre?\">\n\t\t\t\t\t\t\t\t\t\t\t<\/div>\n\t\t\t\t\t\t\t\t<div class=\"elementor-field-type-number elementor-field-group elementor-column elementor-field-group-telefono elementor-col-100\">\n\t\t\t\t\t\t\t\t<input type=\"number\" name=\"form_fields[telefono]\" id=\"form-field-telefono\" class=\"elementor-field elementor-size-xs  elementor-field-textual\" placeholder=\"\u00bfA qu\u00e9 tel\u00e9fono te podr\u00edamos contactar?\" min=\"\" max=\"\" >\n\t\t\t\t\t\t<\/div>\n\t\t\t\t\t\t\t\t<div class=\"elementor-field-type-text elementor-field-group elementor-column elementor-field-group-email elementor-col-100\">\n\t\t\t\t\t\t\t\t\t\t\t\t\t<input size=\"1\" type=\"text\" name=\"form_fields[email]\" id=\"form-field-email\" class=\"elementor-field elementor-size-xs  elementor-field-textual\" placeholder=\"\u00bfCu\u00e1l es tu correo electr\u00f3nico?\">\n\t\t\t\t\t\t\t\t\t\t\t<\/div>\n\t\t\t\t\t\t\t\t<div class=\"elementor-field-type-checkbox elementor-field-group elementor-column elementor-field-group-field_088a619 elementor-col-100\">\n\t\t\t\t\t\t\t\t\t\t\t\t<label for=\"form-field-field_088a619\" class=\"elementor-field-label\">\n\t\t\t\t\t\t\t\t\u00bfQu\u00e9 objetivo te gustar\u00eda lograr?\t\t\t\t\t\t\t<\/label>\n\t\t\t\t\t\t<div class=\"elementor-field-subgroup  \"><span class=\"elementor-field-option\"><input type=\"checkbox\" value=\"Escucharme m\u00e1s profesional\" id=\"form-field-field_088a619-0\" name=\"form_fields[field_088a619][]\"> <label for=\"form-field-field_088a619-0\">Escucharme m\u00e1s profesional<\/label><\/span><span class=\"elementor-field-option\"><input type=\"checkbox\" value=\"Mantener mi empresa conectada\" id=\"form-field-field_088a619-1\" name=\"form_fields[field_088a619][]\"> <label for=\"form-field-field_088a619-1\">Mantener mi empresa conectada<\/label><\/span><span class=\"elementor-field-option\"><input type=\"checkbox\" value=\"Monitorear campa\u00f1as de Marketing\" id=\"form-field-field_088a619-2\" name=\"form_fields[field_088a619][]\"> <label for=\"form-field-field_088a619-2\">Monitorear campa\u00f1as de Marketing<\/label><\/span><span class=\"elementor-field-option\"><input type=\"checkbox\" value=\"Monitoreo de llamadas\" id=\"form-field-field_088a619-3\" name=\"form_fields[field_088a619][]\"> <label for=\"form-field-field_088a619-3\">Monitoreo de llamadas<\/label><\/span><span class=\"elementor-field-option\"><input type=\"checkbox\" value=\"Otro\" id=\"form-field-field_088a619-4\" name=\"form_fields[field_088a619][]\"> <label for=\"form-field-field_088a619-4\">Otro<\/label><\/span><\/div>\t\t\t\t<\/div>\n\t\t\t\t\t\t\t\t<div class=\"elementor-field-type-checkbox elementor-field-group elementor-column elementor-field-group-field_ca0c64d elementor-col-100\">\n\t\t\t\t\t\t\t\t\t\t\t\t<label for=\"form-field-field_ca0c64d\" class=\"elementor-field-label\">\n\t\t\t\t\t\t\t\t\u00bfCu\u00e1ntas personas utilizar\u00edan el servicio?\t\t\t\t\t\t\t<\/label>\n\t\t\t\t\t\t<div class=\"elementor-field-subgroup  \"><span class=\"elementor-field-option\"><input type=\"checkbox\" value=\"De 1 a 3 personas\" id=\"form-field-field_ca0c64d-0\" name=\"form_fields[field_ca0c64d][]\"> <label for=\"form-field-field_ca0c64d-0\">De 1 a 3 personas<\/label><\/span><span class=\"elementor-field-option\"><input type=\"checkbox\" value=\"De 3 a 5 personas\" id=\"form-field-field_ca0c64d-1\" name=\"form_fields[field_ca0c64d][]\"> <label for=\"form-field-field_ca0c64d-1\">De 3 a 5 personas<\/label><\/span><span class=\"elementor-field-option\"><input type=\"checkbox\" value=\"De 5 a 10 personas\" id=\"form-field-field_ca0c64d-2\" name=\"form_fields[field_ca0c64d][]\"> <label for=\"form-field-field_ca0c64d-2\">De 5 a 10 personas<\/label><\/span><span class=\"elementor-field-option\"><input type=\"checkbox\" value=\"M\u00e1s de 10 personas\" id=\"form-field-field_ca0c64d-3\" name=\"form_fields[field_ca0c64d][]\"> <label for=\"form-field-field_ca0c64d-3\">M\u00e1s de 10 personas<\/label><\/span><\/div>\t\t\t\t<\/div>\n\t\t\t\t\t\t\t\t<div class=\"elementor-field-type-text elementor-field-group elementor-column elementor-field-group-field_c0ed3da elementor-col-100\">\n\t\t\t\t\t\t\t\t\t\t\t\t<label for=\"form-field-field_c0ed3da\" class=\"elementor-field-label\">\n\t\t\t\t\t\t\t\t\u00bfCu\u00e1l es el nombre de su empresa o negocio?\t\t\t\t\t\t\t<\/label>\n\t\t\t\t\t\t\t\t\t\t\t\t\t\t<input size=\"1\" type=\"text\" name=\"form_fields[field_c0ed3da]\" id=\"form-field-field_c0ed3da\" class=\"elementor-field elementor-size-xs  elementor-field-textual\">\n\t\t\t\t\t\t\t\t\t\t\t<\/div>\n\t\t\t\t\t\t\t\t<div class=\"elementor-field-type-checkbox elementor-field-group elementor-column elementor-field-group-field_5edd95a elementor-col-100\">\n\t\t\t\t\t\t\t\t\t\t\t\t<label for=\"form-field-field_5edd95a\" class=\"elementor-field-label\">\n\t\t\t\t\t\t\t\t\u00bfC\u00f3mo prefieres qu\u00e9 te contactemos?\t\t\t\t\t\t\t<\/label>\n\t\t\t\t\t\t<div class=\"elementor-field-subgroup  \"><span class=\"elementor-field-option\"><input type=\"checkbox\" value=\"WhatsApp\" id=\"form-field-field_5edd95a-0\" name=\"form_fields[field_5edd95a][]\"> <label for=\"form-field-field_5edd95a-0\">WhatsApp<\/label><\/span><span class=\"elementor-field-option\"><input type=\"checkbox\" value=\"Llamada\" id=\"form-field-field_5edd95a-1\" name=\"form_fields[field_5edd95a][]\"> <label for=\"form-field-field_5edd95a-1\">Llamada<\/label><\/span><\/div>\t\t\t\t<\/div>\n\t\t\t\t\t\t\t\t<div class=\"elementor-field-group elementor-column elementor-field-type-submit elementor-col-50 e-form__buttons\">\n\t\t\t\t\t<button class=\"elementor-button elementor-size-sm\" type=\"submit\">\n\t\t\t\t\t\t<span class=\"elementor-button-content-wrapper\">\n\t\t\t\t\t\t\t\t\t\t\t\t\t\t\t\t\t\t\t\t\t\t<span class=\"elementor-button-text\">Enviar<\/span>\n\t\t\t\t\t\t\t\t\t\t\t\t\t<\/span>\n\t\t\t\t\t<\/button>\n\t\t\t\t<\/div>\n\t\t\t<\/div>\n\t\t<\/form>\n\t\t\t\t\t\t<\/div>\n\t\t\t\t<\/div>\n\t\t\t\t\t<\/div>\n\t\t<\/div>\n\t\t\t\t\t<\/div>\n\t\t<\/section>\n\t\t\t\t<\/div>\n\t\t","protected":false},"excerpt":{"rendered":"<p>\u00a1Hola! Muchas gracias por darle click a nuestro anuncio, llenar la siguiente informaci\u00f3n nos ayudar\u00e1 para que uno de nuestros Asesores Especializados se pueda poner en contacto contigo para resolver todas las dudas que puedas llegar a tener y darte una Asesor\u00eda Tecnol\u00f3gica de acuerdo a tus necesidades. \u00a1Platicamos pronto! Contacto<\/p>\n","protected":false},"author":1,"featured_media":0,"parent":0,"menu_order":0,"comment_status":"closed","ping_status":"closed","template":"elementor_canvas","meta":{"_joinchat":[],"footnotes":""},"class_list":["post-1304","page","type-page","status-publish","hentry"],"_links":{"self":[{"href":"https:\/\/callpicker.com\/conmutadores\/wp-json\/wp\/v2\/pages\/1304","targetHints":{"allow":["GET"]}}],"collection":[{"href":"https:\/\/callpicker.com\/conmutadores\/wp-json\/wp\/v2\/pages"}],"about":[{"href":"https:\/\/callpicker.com\/conmutadores\/wp-json\/wp\/v2\/types\/page"}],"author":[{"embeddable":true,"href":"https:\/\/callpicker.com\/conmutadores\/wp-json\/wp\/v2\/users\/1"}],"replies":[{"embeddable":true,"href":"https:\/\/callpicker.com\/conmutadores\/wp-json\/wp\/v2\/comments?post=1304"}],"version-history":[{"count":58,"href":"https:\/\/callpicker.com\/conmutadores\/wp-json\/wp\/v2\/pages\/1304\/revisions"}],"predecessor-version":[{"id":1377,"href":"https:\/\/callpicker.com\/conmutadores\/wp-json\/wp\/v2\/pages\/1304\/revisions\/1377"}],"wp:attachment":[{"href":"https:\/\/callpicker.com\/conmutadores\/wp-json\/wp\/v2\/media?parent=1304"}],"curies":[{"name":"wp","href":"https:\/\/api.w.org\/{rel}","templated":true}]}}